79 composite?
False
Is 528607 composite?
True
Is 356387 composite?
False
Is 5431 a prime number?
True
Is 7807 a composite number?
True
Is 60443 prime?
True
Is 802093 a composite number?
True
Is 10211 composite?
False
Is 1013687 a prime number?
True
Is 117627 a composite number?
True
Is 32537 a composite number?
False
Is 487 a composite number?
False
Is 392503 composite?
False
Is 13579 a composite number?
True
Is 166147 composite?
False
Is 3761 prime?
True
Is 400457 composite?
False
Is 587 a prime number?
True
Is 64234 composite?
True
Is 457151 a prime number?
True
Is 16147 a composite number?
True
Is 4791 prime?
False
Is 310693 a composite number?
False
Is 36094 a prime number?
False
Is 370499 a prime number?
False
Is 3422917 a prime number?
True
Is 3659 a prime number?
True
Is 14387 a prime number?
True
Is 659882 composite?
True
Is 29779 prime?
False
Is 149071 composite?
True
Is 217849 a prime number?
True
Is 20317 composite?
True
Is 12037 a composite number?
False
Is 7069 composite?
False
Is 8251 prime?
False
Is 2517 a prime number?
False
Is 991 composite?
False
Is 5873 a composite number?
True
Is 10481 composite?
True
Is 565555 prime?
False
Is 7003 a prime number?
False
Is 610391 composite?
False
Is 4455662 prime?
False
Is 663029 composite?
True
Is 193663 a composite number?
False
Is 5039 a prime number?
True
Is 4831685 prime?
False
Is 76699 a composite number?
True
Is 4467 a composite number?
True
Is 4141 composite?
True
Is 75833 prime?
True
Is 681337 a prime number?
True
Is 3147 composite?
True
Is 9031 composite?
True
Is 101243 a composite number?
True
Is 58321 composite?
False
Is 16217 a composite number?
False
Is 15091 prime?
True
Is 121631 prime?
True
Is 269 composite?
False
Is 477563 composite?
True
Is 13483 composite?
True
Is 6823 prime?
True
Is 87331 composite?
True
Is 456949 prime?
True
Is 53285 prime?
False
Is 686653 a composite number?
True
Is 182887 a prime number?
True
Is 25793 prime?
True
Is 382609 prime?
False
Is 1727 composite?
True
Is 22229 prime?
True
Is 12791 composite?
False
Is 113299 prime?
False
Is 184109 a prime number?
False
Is 1399 composite?
False
Is 47863 prime?
False
Is 701957 composite?
False
Is 4143 prime?
False
Is 4424209 prime?
True
Is 243493 a prime number?
False
Is 54493 composite?
False
Is 34633 prime?
False
Is 398699 a prime number?
False
Is 69469 a composite number?
True
Is 10225045 composite?
True
Is 3793 prime?
True
Is 4411 a prime number?
False
Is 24499 prime?
True
Is 1123181 composite?
False
Is 15658 a composite number?
True
Is 61279 composite?
True
Is 202819 composite?
True
Is 21647 a prime number?
True
Is 866867 prime?
False
Is 169063 a prime number?
True
Is 119303 prime?
False
Is 1256807 a composite number?
True
Is 66323 composite?
True
Is 19999 composite?
True
Is 17722 composite?
True
Is 302663 a prime number?
True
Is 4843 prime?
False
Is 214717 composite?
True
Is 557 prime?
True
Is 17011 a prime number?
True
Is 1133 a prime number?
False
Is 278329 composite?
False
Is 489805 a prime number?
False
Is 16361 a prime number?
True
Is 5609 a composite number?
True
Is 307 composite?
False
Is 10781 composite?
False
Is 79441 a composite number?
True
Is 15511 a prime number?
True
Is 39659 a composite number?
False
Is 264487 composite?
False
Is 386381 prime?
True
Is 22201 a composite number?
True
Is 496579 composite?
False
Is 8977 a prime number?
False
Is 4327 composite?
False
Is 123818 composite?
True
Is 69467 a prime number?
True
Is 47623 composite?
False
Is 4289 composite?
False
Is 866513 composite?
False
Is 1229897 composite?
False
Is 94769 a prime number?
False
Is 25562 prime?
False
Is 2463329 composite?
True
Is 100445 a prime number?
False
Is 41639 a composite number?
True
Is 2785793 a prime number?
False
Is 598229 prime?
True
Is 1399 composite?
False
Is 4861 composite?
False
Is 311 a prime number?
True
Is 135697 prime?
True
Is 56969 composite?
True
Is 65053 a prime number?
True
Is 45233 a prime number?
True
Is 3041 prime?
True
Is 6109 a composite number?
True
Is 253901 composite?
False
Is 79819 prime?
False
Is 386407 a composite number?
True
Is 3497 a prime number?
False
Is 999509 prime?
False
Is 982 prime?
False
Is 823319 composite?
True
Is 1931 a composite number?
False
Is 2809 composite?
True
Is 73001 prime?
False
Is 25151 prime?
False
Is 224461 a composite number?
False
Is 7517 composite?
False
Is 62977 composite?
True
Is 2101 a composite number?
True
Is 2741 a composite number?
False
Is 3041 composite?
False
Is 20203 composite?
True
Is 965 a composite number?
True
Is 32467 a composite number?
False
Is 116551 prime?
False
Is 3491 a prime number?
True
Is 53673 prime?
False
Is 16753 prime?
False
Is 2159 a prime number?
False
Is 38069 prime?
True
Is 895391 a composite number?
True
Is 2159 a prime number?
False
Is 901 composite?
True
Is 88289 prime?
True
Is 97673 prime?
True
Is 639865 a composite number?
True
Is 586241 composite?
True
Is 87047 a composite number?
True
Is 16495 a composite number?
True
Is 2326 a composite number?
True
Is 16897 a composite number?
True
Is 3261 prime?
False
Is 492643 a composite number?
True
Is 28857 prime?
False
Is 4393 a prime number?
False
Is 194261 a prime number?
False
Is 601943 a composite number?
False
Is 8581 prime?
True
Is 108331 a composite number?
True
Is 2700331 a prime number?
False
Is 15157 prime?
False
Is 14699 prime?
True
Is 33851 a prime number?
True
Is 232851 a composite number?
True
Is 188581 a composite number?
True
Is 307 prime?
True
Is 56759 a prime number?
False
Is 51845 composite?
True
Is 228881 prime?
True
Is 410857 composite?
False
Is 1318841 prime?
True
Is 355171 prime?
True
Is 701837 a composite number?
False
Is 482569 composite?
False
Is 349045 composite?
True
Is 6739 composite?
True
Is 266281 a composite number?
False
Is 28459 composite?
True
Is 75913 a composite number?
False
Is 12367 prime?
False
Is 16838 a composite number?
True
Is 103903 composite?
False
Is 10369 a prime number?
True
Is 4721 prime?
True
Is 18355 prime?
False
Is 147835 composite?
True
Is 63901 prime?
True
Is 6041 prime?
False
Is 122081 a prime number?
True
Is 10741 prime?
False
Is 74821 composite?
False
Is 9997 a composite number?
True
Is 415 a composite number?
True
Is 481183 composite?
True
Is 1263887 prime?
True
Is 738197 prime?
True
Is 58309 composite?
False
Is 1361867 a prime number?
False
Is 5569 a composite number?
False
Is 12197 composite?
False
Is 21139 a composite number?
False
Is 11311 prime?
True
Is 32353 a prime number?
True
Is 3239 a prime number?
False
Is 19681 a composite number?
False
Is 29615 prime?
False
Is 303187 prime?
True
Is 262763 prime?
False
Is 28641 prime?
False
Is 48385 prime?
False
Is 23251 composite?
False
Is 6457 a prime number?
False
Is 21309 composite?
True
Is 223381 a prime number?
True
Is 389247 prime?
False
Is 1471 prime?
True
Is 14477 composite?
True
Is 15253 a composite number?
True
Is 168851 prime?
True
Is 513547 a composite number?
True
Is 138917 a composite number?
False
Is 8926 a prime number?
False
Is 7031 prime?
False
Is 115357 composite?
True
Is 215823 prime?
False
Is 7655 a prime number?
False
Is 55907 prime?
False
Is 199621 composite?
False
Is 460531 a composite number?
False
Is 50567 prime?
False
Is 147635 a prime number?
False
Is 74821 composite?
False
Is 66959 composite?
False
Is 17851 a composite number?
False
Is 1438 prime?
False
Is 23603 a composite number?
False
Is 4183 a prime number?
False
Is 192473 a prime number?
False
Is 185321 composite?
True
Is 544459 a composite number?
True
Is 220979 a composite number?
True
Is 33049 a prime number?
True
Is 215603 prime?
False
Is 134167 a composite number?
True
Is 44633 a composite number?
False
Is 17558 prime?
False
Is 869 prime?
False
Is 153103 prime?
False
Is 11093 prime?
True
Is 499267 a prime number?
True
Is 11923 a prime number?
True
Is 222373 a composite number?
True
Is 440513 composite?
True
Is 283949 a prime number?
True
Is 19177 composite?
True
Is 76022 a composite number?
True
Is 1808841 prime?
False
Is 1408529 prime?
True
Is 3324847 composite?
False
Is 7226 a composite number?
True
Is 162433 prime?
False
Is 93511 a prime number?
False
Is 423509 a composite number?
False
Is 10473 a prime number?
False
Is 174683 composite?
True
Is 330659 composite?
True
Is 1373